{"id":548,"date":"2023-10-01T09:11:36","date_gmt":"2023-10-01T09:11:36","guid":{"rendered":"https:\/\/nproboszczewice.pl\/2023_nowastrona\/?page_id=548"},"modified":"2023-10-22T18:49:08","modified_gmt":"2023-10-22T18:49:08","slug":"ramowy-rozklad-dnia-3-4-latki","status":"publish","type":"page","link":"https:\/\/nproboszczewice.pl\/2023_nowastrona\/ramowy-rozklad-dnia-3-4-latki\/","title":{"rendered":"Ramowy rozk\u0142ad dnia 3-4 latki"},"content":{"rendered":"\n<p>6:15 \u2013 7:50 \u00a0\u00a0\u00a0\u00a0\u00a0\u00a0\u00a0 Schodzenie si\u0119 dzieci. Swobodna aktywno\u015b\u0107 w k\u0105cikach zainteresowa\u0144. Zabawy przy niewielkim udziale nauczyciela.<\/p>\n\n\n\n<p>7:50 \u2013 8:15 &nbsp;&nbsp;&nbsp;&nbsp;&nbsp;&nbsp;&nbsp; Powitanie dzieci. Zabawy ruchowe organizowane przez nauczyciela z uwzgl\u0119dnieniem pomys\u0142\u00f3w dzieci.<\/p>\n\n\n\n<p>8:15 \u2013 8:30 &nbsp;&nbsp; &nbsp;&nbsp;&nbsp;&nbsp;&nbsp; Czynno\u015bci higieniczno \u2013 porz\u0105dkowe przygotowuj\u0105ce do \u015bniadania.<\/p>\n\n\n\n<p>8:30 \u2013 9:00 &nbsp;&nbsp;&nbsp;&nbsp;&nbsp;&nbsp;&nbsp; \u015aniadanie. Wdra\u017canie zasad w\u0142a\u015bciwego zachowania si\u0119 przy stole podczas spo\u017cywania posi\u0142ku. Nabywanie umiej\u0119tno\u015bci pos\u0142ugiwania si\u0119 sztu\u0107cami. Nauka samodzielno\u015bci.<\/p>\n\n\n\n<p>9:00 \u2013 9:15 &nbsp;&nbsp; &nbsp;&nbsp;&nbsp;&nbsp;&nbsp; Czynno\u015bci higieniczne po\u015bniadaniu. Profilaktyka prozdrowotna.<\/p>\n\n\n\n<p>9:15 \u2013 9:45 &nbsp;&nbsp;&nbsp;&nbsp;&nbsp;&nbsp;&nbsp; Zaj\u0119cia dydaktyczno \u2013 wychowawcze wynikaj\u0105ce z realizacji podstawy programowej wychowania przedszkolnego. Zabawy dydaktyczne.<\/p>\n\n\n\n<p>9:45 \u2013 10:00 &nbsp;&nbsp;&nbsp;&nbsp;&nbsp; Gry i zabawy ruchowe.<\/p>\n\n\n\n<p>10:00 \u2013 10:30 &nbsp;&nbsp;&nbsp; Zabawy na przedszkolnym placu zabaw. Zabawy swobodne w sali, gry i zabawy stolikowe.<\/p>\n\n\n\n<p>10: 30 \u2013 11:15 &nbsp;&nbsp; Spacery i wycieczki. Prowadzenie obserwacji przyrodniczych, gry i zabawy sportowe. Czynno\u015bci samoobs\u0142ugowe w szatni, wdra\u017canie do samodzielno\u015bci.<\/p>\n\n\n\n<p>&nbsp;11:15 \u2013 11:30 &nbsp;&nbsp; Czynno\u015bci higieniczno \u2013 samoobs\u0142ugowe. Przygotowanie do obiadu.<\/p>\n\n\n\n<p>11:30 \u2013 12:00 &nbsp;&nbsp;&nbsp; Obiad. Nauka zasad kulturalnego zachowania si\u0119 przy stole podczas spo\u017cywania posi\u0142k\u00f3w. \u0106wiczenie umiej\u0119tno\u015bci pos\u0142ugiwania si\u0119 sztu\u0107cami. Nauka samodzielno\u015bci i&nbsp;wdra\u017canie do pe\u0142nienie funkcji dy\u017curnego.<\/p>\n\n\n\n<p>12:00 \u2013 12:15 &nbsp;&nbsp;&nbsp; Czynno\u015bci higieniczno \u2013 toaletowe. Przygotowanie do odpoczynku.<\/p>\n\n\n\n<p>12.15 \u2013 13:45 &nbsp;&nbsp;&nbsp; Odpoczynek. S\u0142uchanie muzyki relaksacyjnej, s\u0142uchanie s\u0142uchowisk dla dzieci, czytanie wybranych pozycji literatury dzieci\u0119cej.<\/p>\n\n\n\n<p>13:45 \u2013 14:00 &nbsp;&nbsp;&nbsp; Czynno\u015bci przygotowuj\u0105ce do podwieczorku.<\/p>\n\n\n\n<p>14:00 \u2013 14:30 &nbsp;&nbsp;&nbsp; Podwieczorek. Czynno\u015bci samoobs\u0142ugowe.<\/p>\n\n\n\n<p>14:30 \u2013 16:15 &nbsp;&nbsp;&nbsp; Zabawy dowolne wed\u0142ug zainteresowa\u0144 i pomys\u0142\u00f3w dzieci, praca dowolna z&nbsp;niewielkim udzia\u0142em nauczyciela. Podsumowanie dnia, powt\u00f3rzenie i utrwalenie wprowadzonego materia\u0142u. Prace porz\u0105dkowe w sali. Rozchodzenie si\u0119 dzieci do dom\u00f3w.<\/p>\n","protected":false},"excerpt":{"rendered":"<p>6:15 \u2013 7:50 \u00a0\u00a0\u00a0\u00a0\u00a0\u00a0\u00a0 Schodzenie si\u0119 dzieci. Swobodna aktywno\u015b\u0107 w k\u0105cikach zainteresowa\u0144. Zabawy przy niewielkim udziale nauczyciela. 7:50 \u2013 8:15 &nbsp;&nbsp;&nbsp;&nbsp;&nbsp;&nbsp;&nbsp; Powitanie dzieci. Zabawy ruchowe [&hellip;]<\/p>\n","protected":false},"author":1,"featured_media":0,"parent":0,"menu_order":0,"comment_status":"closed","ping_status":"closed","template":"","meta":{"ngg_post_thumbnail":0,"footnotes":""},"class_list":["post-548","page","type-page","status-publish","hentry"],"_links":{"self":[{"href":"https:\/\/nproboszczewice.pl\/2023_nowastrona\/wp-json\/wp\/v2\/pages\/548","targetHints":{"allow":["GET"]}}],"collection":[{"href":"https:\/\/nproboszczewice.pl\/2023_nowastrona\/wp-json\/wp\/v2\/pages"}],"about":[{"href":"https:\/\/nproboszczewice.pl\/2023_nowastrona\/wp-json\/wp\/v2\/types\/page"}],"author":[{"embeddable":true,"href":"https:\/\/nproboszczewice.pl\/2023_nowastrona\/wp-json\/wp\/v2\/users\/1"}],"replies":[{"embeddable":true,"href":"https:\/\/nproboszczewice.pl\/2023_nowastrona\/wp-json\/wp\/v2\/comments?post=548"}],"version-history":[{"count":5,"href":"https:\/\/nproboszczewice.pl\/2023_nowastrona\/wp-json\/wp\/v2\/pages\/548\/revisions"}],"predecessor-version":[{"id":867,"href":"https:\/\/nproboszczewice.pl\/2023_nowastrona\/wp-json\/wp\/v2\/pages\/548\/revisions\/867"}],"wp:attachment":[{"href":"https:\/\/nproboszczewice.pl\/2023_nowastrona\/wp-json\/wp\/v2\/media?parent=548"}],"curies":[{"name":"wp","href":"https:\/\/api.w.org\/{rel}","templated":true}]}}